s 130087 composite?
False
Is 9029 a prime number?
True
Is 120341 a composite number?
True
Is 38813 composite?
True
Is 33107 composite?
False
Is 12359 composite?
True
Is 9587 a prime number?
True
Is 66169 prime?
True
Is 5849 prime?
True
Is 175679 a prime number?
False
Is 413 composite?
True
Is 5791 a prime number?
True
Is 7639 prime?
True
Is 92067 a prime number?
False
Is 92347 a composite number?
False
Is 17291 a prime number?
True
Is 78423 composite?
True
Is 18899 composite?
False
Is 1060009 a composite number?
False
Is 785245 composite?
True
Is 42887 a composite number?
True
Is 249161 composite?
True
Is 906589 composite?
False
Is 28319 prime?
True
Is 46033 prime?
False
Is 22189 a composite number?
False
Is 2813 a composite number?
True
Is 522769 composite?
True
Is 59771 a composite number?
False
Is 1657 a prime number?
True
Is 154637 a prime number?
False
Is 8639 prime?
False
Is 42101 composite?
False
Is 24317 a prime number?
True
Is 2351 a prime number?
True
Is 381037 composite?
False
Is 82886 composite?
True
Is 822049 prime?
True
Is 738235 a prime number?
False
Is 536006 a composite number?
True
Is 43685 a composite number?
True
Is 227251 prime?
True
Is 93101 a prime number?
False
Is 283405 a prime number?
False
Is 11249 prime?
False
Is 30374 composite?
True
Is 14621 a prime number?
True
Is 18539 prime?
True
Is 35381 prime?
True
Is 2999 composite?
False
Is 28909 a composite number?
False
Is 97183 composite?
True
Is 104649 a prime number?
False
Is 605231 prime?
False
Is 22111 prime?
True
Is 245383 prime?
True
Is 3041 a composite number?
False
Is 324791 prime?
True
Is 105601 composite?
False
Is 2479 a prime number?
False
Is 4435 a prime number?
False
Is 30367 composite?
False
Is 3744523 prime?
True
Is 5779 a prime number?
True
Is 4285 composite?
True
Is 69061 prime?
True
Is 59507 a prime number?
False
Is 241589 a composite number?
False
Is 137503 composite?
True
Is 794543 a composite number?
False
Is 25859 a composite number?
True
Is 13073 composite?
True
Is 402099 a prime number?
False
Is 537941 a prime number?
True
Is 517 prime?
False
Is 7453 prime?
False
Is 1326343 a prime number?
True
Is 42667 a prime number?
True
Is 19021 a prime number?
False
Is 12677 a composite number?
True
Is 27879 prime?
False
Is 207589 a composite number?
False
Is 761747 a prime number?
False
Is 73237 prime?
True
Is 20379 a prime number?
False
Is 1953619 a composite number?
True
Is 2119 a composite number?
True
Is 208309 composite?
False
Is 5320703 prime?
False
Is 3829 a composite number?
True
Is 919147 composite?
False
Is 22247 a composite number?
False
Is 56107 a composite number?
True
Is 137927 prime?
True
Is 1262933 a composite number?
True
Is 132377 prime?
False
Is 946355 composite?
True
Is 6449 composite?
False
Is 179 a prime number?
True
Is 52837 prime?
True
Is 245863 composite?
False
Is 1332601 a composite number?
True
Is 546289 prime?
True
Is 737 prime?
False
Is 239087 a prime number?
True
Is 233743 prime?
True
Is 310169 a composite number?
False
Is 1816987 a prime number?
True
Is 107971 prime?
True
Is 557927 a composite number?
False
Is 76699 a composite number?
True
Is 283051 a prime number?
True
Is 152578 prime?
False
Is 11563 a prime number?
False
Is 17603 a prime number?
False
Is 32651 prime?
False
Is 182255 a composite number?
True
Is 1459 prime?
True
Is 61127 a composite number?
True
Is 139553 a composite number?
True
Is 148469 a prime number?
True
Is 787529 prime?
True
Is 191635 a composite number?
True
Is 4861 composite?
False
Is 4783 composite?
False
Is 154547 prime?
False
Is 65273 prime?
False
Is 242911 composite?
False
Is 10331 prime?
True
Is 135851 a prime number?
True
Is 79819 prime?
False
Is 14959 prime?
False
Is 330469 a prime number?
True
Is 103511 a composite number?
False
Is 869017 a prime number?
True
Is 24881 a composite number?
True
Is 310663 a composite number?
False
Is 14173 a prime number?
True
Is 773407 a composite number?
False
Is 1121 a prime number?
False
Is 583613 a composite number?
False
Is 377339 composite?
False
Is 538 a prime number?
False
Is 506381 composite?
False
Is 710513 a prime number?
True
Is 9349 prime?
True
Is 118951 a composite number?
True
Is 10135 a composite number?
True
Is 6502 a prime number?
False
Is 15553 a prime number?
False
Is 398857 composite?
False
Is 24019 a composite number?
False
Is 67477 prime?
True
Is 1637 a prime number?
True
Is 1388141 a prime number?
True
Is 126653 prime?
True
Is 98729 a prime number?
True
Is 799 composite?
True
Is 193417 prime?
False
Is 10169 composite?
False
Is 114349 composite?
True
Is 1649 a composite number?
True
Is 1195 composite?
True
Is 3847927 prime?
True
Is 201623 composite?
False
Is 4861 a prime number?
True
Is 2503 composite?
False
Is 380231 a composite number?
False
Is 11291 a prime number?
False
Is 60751 composite?
True
Is 658543 prime?
False
Is 1409 composite?
False
Is 53527 a prime number?
True
Is 21662 composite?
True
Is 198017 a composite number?
False
Is 21101 composite?
False
Is 7669 composite?
False
Is 9041 a composite number?
False
Is 298715 prime?
False
Is 4451 composite?
False
Is 76745 prime?
False
Is 138863 a composite number?
False
Is 71503 a composite number?
False
Is 155569 a composite number?
False
Is 376889 composite?
False
Is 34913 prime?
True
Is 59509 prime?
True
Is 27419 prime?
False
Is 706999 a composite number?
False
Is 111415 a composite number?
True
Is 88931 a prime number?
False
Is 133559 composite?
False
Is 56755 a prime number?
False
Is 79669 a prime number?
True
Is 217477 a prime number?
False
Is 569039 prime?
False
Is 1168579 composite?
True
Is 8389 a composite number?
False
Is 1315 composite?
True
Is 35617 composite?
False
Is 447 composite?
True
Is 410261 a composite number?
True
Is 152509 composite?
True
Is 57487 a prime number?
True
Is 95783 composite?
False
Is 169445 a prime number?
False
Is 1374709 a prime number?
False
Is 6457 prime?
False
Is 462065 a prime number?
False
Is 5227 composite?
False
Is 148331 a composite number?
False
Is 739867 a prime number?
False
Is 6619 prime?
True
Is 535957 prime?
True
Is 193133 prime?
True
Is 84011 composite?
False
Is 329833 prime?
False
Is 91331 a prime number?
True
Is 96643 a composite number?
False
Is 242863 a prime number?
True
Is 544637 prime?
False
Is 36362 prime?
False
Is 6029 prime?
True
Is 77711 a composite number?
False
Is 328751 prime?
False
Is 26437 a prime number?
True
Is 6629 prime?
False
Is 1721 composite?
False
Is 1865791 a prime number?
True
Is 767749 a prime number?
True
Is 138557 a composite number?
True
Is 85787 prime?
False
Is 2449 a prime number?
False
Is 2963 a prime number?
True
Is 75562 a composite number?
True
Is 144709 a composite number?
False
Is 2622593 prime?
True
Is 23599 a composite number?
False
Is 1298363 composite?
True
Is 715471 composite?
True
Is 531977 prime?
True
Is 884717 prime?
True
Is 67903 composite?
True
Is 13591 a composite number?
False
Is 1123 a prime number?
True
Is 800579 a prime number?
False
Is 236981 composite?
False
Is 188173 a prime number?
False
Is 575767 composite?
True
Is 8893 composite?
False
Is 798581 a prime number?
False
Is 1505641 prime?
False
Is 940451 prime?
False
Is 911 a prime number?
True
Is 19535 a composite number?
True
Is 712559 prime?
False
Is 77851 a prime number?
False
Is 144758 composite?
True
Is 313591 a prime number?
False
Is 35395 composite?
True
Is 104281 a prime number?
True
Is 45829 prime?
False
Is 133801 composite?
False
Is 2517037 prime?
False
Is 74297 a composite number?
False
Is 856799 a composite number?
False
Is 5147 prime?
True
Is 1061 a composite number?
False
Is 13543 prime?
False
Is 518879 a composite number?
True
Is 160063 composite?
True
Is 2521 composite?
False
Is 130051 composite?
False
Is 380761 prime?
False
Is 170669 prime?
True
Is 208447 prime?
False
Is 631 composite?
False
Is 38531 a composite number?
True
Is 211 a prime number?
True
Is 439723 composite?
False
Is 22138 a prime number?
False
Is 193723 prime?
True
Is 6779 composite?
False
Is 35633 a prime number?
False
Is 651017 a composite number?
False
Is 10519 a prime number?
False
Is 16034 prime?
False
Is 151141 a composite number?
False
Is 1819 a prime number?
False
Is 16183 a composite number?
False
Is 99319 composite?
True
Is 459911 a c